t the prime factors of y.
2, 17
What are the prime factors of ((-204)/4)/((-3)/2)?
2, 17
Let c = 276 + -170. What are the prime factors of 2/5 + c/10?
11
Let m = -1 + -3. Let w be (-2)/8 - 21/m. Suppose v + 0*q + 2*q = 0, 0 = -5*v + w*q + 75. What are the prime factors of v?
2, 5
Let p(x) = 30*x**2 + 2*x + 8. What are the prime factors of p(-3)?
2, 17
Let w = 8 + -4. Suppose -2*m - 2*m = 4*q - 48, w*q = 3*m + 13. What are the prime factors of q?
7
Let r(t) = t + 5. Let g be r(-6). Suppose -19 = -2*c - 3. What are the prime factors of (2/(-4) - g)*c?
2
Let u be (-2)/(-5) + 64/(-10). Suppose -5*o + 3*n + 107 = 0, o - 35 = 2*n + 2*n. List the prime factors of o - -3*u/(-9).
3, 7
Suppose 79 = 4*q - 5*f, 0*q + 4*f = -2*q + 46. What are the prime factors of q?
3, 7
Let a be 6/39 + 96/52. Suppose a*p = 4*p - 28. List the prime factors of p.
2, 7
Let z(y) = 2*y - 6. Let a be z(4). Suppose -a*w - 6 = -16. Suppose -s = -w*s + 40. List the prime factors of s.
2, 5
Let y be 5/(-10) - (-122)/4. Let h = y + -15. List the prime factors of h.
3, 5
Let q be 8/12*177/2. Let u = q + -38. What are the prime factors of u?
3, 7
Suppose 4*i + 6 = -5*g + 58, 3*i - 5*g = 39. Let o = 5 + i. List the prime factors of o.
2, 3
What are the prime factors of (-19 + -2)*(6/(-2) - 10)?
3, 7, 13
Let b be -3*(46/(-6) + -1). Let s be (0 - b)*1/2. Let v = s - -21. List the prime factors of v.
2
Let y(n) = -n**2 + 10*n - 10. Let k be y(8). Let m = k - -2. List the prime factors of m.
2
Let u(h) = -3*h - 1. Let s(y) = -y**3 + 4*y**2 - 4*y. Let n be s(3). What are the prime factors of u(n)?
2
Let q(i) = -i**2 + 6*i + 2. What are the prime factors of q(3)?
11
Let a = 44 + -11. Suppose 5*q - a = 12. What are the prime factors of q?
3
Let t(f) = f**3 - 2*f**2 + f + 2. Suppose -4*c + 2*r + 26 + 4 = 0, 2*c - 10 = 2*r. Suppose -6*u = -u - c. What are the prime factors of t(u)?
2
Let f be 4/6*9/2. Suppose 0*d + 3*d - 5*z - 55 = 0, 0 = -4*d - f*z + 54. What are the prime factors of d?
3, 5
Suppose 2*y - 202 = -2*v, 5*v - 197 = 3*v - y. List the prime factors of v.
2, 3
Let h(q) = q**3 + 2*q**2 - q + 27. What are the prime factors of h(0)?
3
Let o be (8/20)/((-2)/(-30)). Suppose 0 = -n + o*n - 25. List the prime factors of n.
5
Let u(a) be the third derivative of a**6/40 - a**5/30 - a**4/24 - a**3/6 - 2*a**2. List the prime factors of u(2).
13
Let h be (-520)/25 + 2/(-10). Let m = h + 38. Suppose -k + m = l + 3, -l = -5*k + 16. What are the prime factors of l?
3
Let g(t) = 2*t**3 - 4*t**2 + 10*t - 3. What are the prime factors of g(5)?
197
Let k be (-3 - -2 - -2)*23. Suppose -5*n - 2*p + k = 2*p, -p = -4*n + 31. List the prime factors of n.
7
Let k(d) = -d**3 - 5*d**2 + 2*d + 2. What are the prime factors of k(-6)?
2, 13
Let h = 143 - 78. Let i be h/25 + 4/10. Suppose -i*r = -34 + 10. What are the prime factors of r?
2
Let l(o) = o**3 + o**2 - o + 4. What are the prime factors of l(0)?
2
Suppose -4*g + 6*g + 84 = 0. What are the prime factors of 4/(-16) - g/8?
5
Suppose -2 = -2*n + 5*g, 6*n - 3*n = -5*g + 3. Let i(c) = 44*c**3 - c**2. What are the prime factors of i(n)?
43
Suppose 11 = 2*b - 41. Let r(l) = l**2 + 7*l + 13. Let m be r(-2). Suppose m*j + u - 40 = b, 2*u = -j + 27. List the prime factors of j.
3, 7
Suppose -4*s + 598 = 154. What are the prime factors of s?
3, 37
Let s(q) = 21*q**2. List the prime factors of s(1).
3, 7
Suppose -x = 5*d - 5*x - 59, 3*x = 3*d - 33. List the prime factors of d.
3, 5
Let i = -1 - 5. Let f be (-3 - 0) + i + -24. List the prime factors of 1/(2 - f/(-17)).
17
Let s = 171 + -79. Suppose -4*z + 0*z + s = 0. What are the prime factors of z?
23
List the prime factors of ((-42)/4)/((-17)/34).
3, 7
Suppose 0*w + 102 = 2*w. Suppose 0 = -5*z - 11 + w. List the prime factors of z.
2
Let v(u) = u**2 - 5*u + u**2 - 7 + 2*u**2 - 2*u**2. What are the prime factors of v(5)?
2, 3
Suppose -3*x = x + 208. Let d = x + 86. List the prime factors of d.
2, 17
Suppose 0 = n - 0 - 7. Suppose v - 5*s - n = 1, 0 = -3*v + 4*s + 2. Let f(r) = r**2 - 3*r - 3. List the prime factors of f(v).
7
Suppose 4*g = 6*g - 46. What are the prime factors of g?
23
Let x be 4/2 - 16/(-8). Suppose -m = x*m. Suppose -2*b = -m*b - 10. List the prime factors of b.
5
Let l = 1 - -2. Suppose 0 = l*c + 2*c - 10. What are the prime factors of c*-1 - (-12 - 0)?
2, 5
Let b(d) = 2*d**2 - 4*d + 25. List the prime factors of b(5).
5, 11
Let m(c) = -c**3 + 11*c**2 - 9*c + 10. List the prime factors of m(10).
2, 5
Let g(k) = 6*k**2 + 3*k + 2. Let y(d) = d**3 - 18*d**2 - 9*d - 5. Let p(f) = -7*g(f) - 2*y(f). Let i be p(-4). List the prime factors of -3 + (-3)/((-6)/i).
17
Let j be 0*(6/4 + -2). Suppose o - 5*i - 15 = -j*i, 0 = -5*o - 2*i + 21. Suppose -20 = -2*h + 2*q + 2*q, 3*h - o*q = 32. What are the prime factors of h?
2, 7
Let x be (-13)/39 + 2782/(-6). List the prime factors of ((-2)/8)/(4/x).
29
Suppose 3*j - 170 - 73 = 0. Suppose j = v + 32. What are the prime factors of v?
7
What are the prime factors of (4/(-6))/(-1 + 35/45)?
3
Suppose -2*y = -12 + 4. Suppose y*g = -2*s + 3*g + 41, -s = -2*g - 33. List the prime factors of s.
23
Let x = 62 + -7. List the prime factors of x.
5, 11
Suppose -5*v = 4*c - 546, 6*c - 2*c = -4*v + 436. List the prime factors of v.
2, 5, 11
Suppose 4*g - 24 = -o, 0 = -3*o - 2*g + 7 + 15. Let x be 30/7 + o/(-14). Suppose -2*d = x*b + 14, 3*d - 5*b = -3*b + 19. What are the prime factors of d?
3
Let t = -6 - -3. Let c(y) = 5*y**2 + 2*y - 4. List the prime factors of c(t).
5, 7
Let u = 2 + -2. Suppose -4*k + 5*l - 21 = u, 3*k + 6*l - 2*l = -8. Let z(g) = g**3 + 4*g**2 - 4*g - 4. List the prime factors of z(k).
2, 3
Suppose 34 = -4*h - 2*s, -5*h + 4*s = 29 - 6. List the prime factors of (1/(-1))/(h/238).
2, 17
Suppose -6*f = -2*f + 28. Let p(l) = l**3 + 8*l**2 + 3*l - 2. List the prime factors of p(f).
2, 13
Suppose -4*q + 28 = -3*f - 151, -5*f + 98 = 3*q. List the prime factors of q.
41
Suppose 5*s - 4*p = -71 + 699, 5*s + p - 618 = 0. What are the prime factors of s?
2, 31
Let u = -215 + 303. List the prime factors of u.
2, 11
List the prime factors of (6/4)/(6/100).
5
Let t(z) = -z**2 - 8*z - 5. Let j be t(-6). Let b(n) = n**3 - 7*n**2 + n - 4. Let l be b(j). Suppose l = m - 6. List the prime factors of m.
3
Suppose 4*p - 4*m = 3*p + 60, 3*m = -4*p + 278. List the prime factors of p.
2, 17
Suppose -5*l = -0*l + 105. What are the prime factors of 4/(-14) - 258/l?
2, 3
What are the prime factors of (-1 - -110) + 7/7*-2?
107
Suppose 2*y = -m + 61, 4*m - 3*y = 2*m + 150. List the prime factors of m.
3, 23
Suppose 3*a - 9 - 27 = 0. Suppose a = 2*d - 4. Let h = -6 + d. What are the prime factors of h?
2
Let m(y) = y**2 + 25*y - 36. List the prime factors of m(-30).
2, 3, 19
Suppose 4 - 24 = -5*k. Suppose 0 = -u + 5 + k. List the prime factors of u.
3
Suppose -2*l = -2*t - 2, -8 = t - 4*l - 1. Let a(y) = -3*y**3 + y**2 - y. Let o be a(1). Let u = t - o. List the prime factors of u.
2
Let l(q) = -q + 5. Suppose -3*r + 4*f = 2*f - 6, -3*r = 4*f + 12. Let m be l(r). Suppose -m*h - 4*j + 49 + 9 = 0, -h = 2*j - 14. List the prime factors of h.
2, 5
Let l be (-1*2)/(-18 + 16). List the prime factors of l*(4 - 2)*15.
2, 3, 5
Suppose 0 = -0*a - 3*a. Suppose 5*q - 3*o = 51 + 21, -4*q + o + 59 = a. What are the prime factors of q?
3, 5
Suppose 2*w = 7*w + 20. Let u = 9 + w. What are the prime factors of u?
5
Let i(g) = 0*g - g**2 - 3*g + g + 3*g - 1. Let p be i(2). Let z = p - -10. List the prime factors of z.
7
Let d = -558 - -871. What are the prime factors of d?
313
Let q(w) = -2*w - 3. Let t be q(-3). Suppose t*j - 46 = j. What are the prime factors of j?
23
Suppose k + 15 = -2*o - 0*k, 0 = -2*o - 5*k - 27. Let b be 3/o*60/(-2). Let t = 22 - b. List the prime factors of t.
7
Suppose q - 14 = 112. What are the prime factors of q?
2, 3, 7
Let g(d) = -d**2 - 6*d - 9. Let z(n) = -n**2 - 7*n - 8. Let l(t) = 2*g(t) - 3*z(t). Let y be (-1)/(0 - (-2)/18). List the prime factors of l(y).
2, 3
Suppose -2*m = -4*m. List the prime factors of (-3)/(m - (-3)/(-16)).
2
Let d(u) = u**3 + 9*u**2 + 13*u + 4. Let b be d(-6). Let o = b - -3. List the prime factors of o.
37
Suppose o + r - 61 - 1 = 0, o - 70 = 3*r. List the prime factors of o.
2
Let z = -44 + 74. List the prime factors of z.
2, 3, 5
Sup